ns digit of x(-26)?
3
Suppose -15*l + 20 = -5*l. Suppose -3*o = -8*o, -l*g - 4*o = -874. What is the tens digit of g?
3
Let c be 2/4*(-5 + -1). Let q be 1*((c + 11)/(-4) - -2). Suppose -k + 160 - 40 = q. What is the tens digit of k?
2
Suppose 4*q - 5166 = -f + 19074, -q = -f + 24250. What is the units digit of f?
8
Let a be 1*2*(8 + -7). Suppose -l - a = 2*r - 4, -5*r = 5*l - 25. Suppose -3*o = d - 95, -3*d - l = -2*o - 293. What is the tens digit of d?
9
Let w = 4004 - 1082. What is the hundreds digit of w?
9
Suppose -6*z - 3*z + 17820 = 0. Suppose 2*n + 4*o - 348 = z, -n - 4*o + 1172 = 0. What is the hundreds digit of n?
1
Suppose -33*n = -3166 - 111602 - 26637. What is the hundreds digit of n?
2
Let u(g) = 3*g**2 - 36*g + 53. Let j be u(26). Let x = 57 + j. What is the hundreds digit of x?
2
Let o = 11772 + 12264. What is the hundreds digit of o?
0
Suppose 8*a + 3*u - 143920 = 0, 18009 = -58*a + 59*a - 2*u. What is the hundreds digit of a?
9
Let t be 38/(-266) - (-85)/7. Suppose t*q - 3*f = 10*q + 1925, 0 = -5*q - f + 4838. What is the tens digit of q?
6
Let h be -3 - -1*10/2. Let k be h*(1 + -34) + 2. Let j = k - -130. What is the tens digit of j?
6
Suppose 28*q + 3*x = 26*q - 553, 0 = 4*q - x + 1113. Let i = -213 - -629. Let r = q + i. What is the units digit of r?
8
Suppose 5*b + 3*b - 16 = 0. Suppose 5*s - 3*c = b*c - 30, 0 = -s - 2*c - 3. Let p = 20 - s. What is the units digit of p?
5
Suppose -10150 = -2*n + 3622. What is the hundreds digit of n?
8
Suppose 7*m = -5*r + 10*m - 32270, 3*m + 6454 = -r. What is the units digit of r/(-28) - 3*15/18?
8
Let p(l) = -5 - 7 + 76*l - 18. What is the units digit of p(9)?
4
What is the hundreds digit of 1/(-21*(-7)/5298468)?
0
Suppose -2*t - 370 = -7*t - 2*c, -2*t - 5*c + 148 = 0. Let m = 6911 + -6689. Let k = m - t. What is the tens digit of k?
4
Let h = -145 + 148. Suppose -3*v = -h, -4*t = 2*v - 6*v - 644. What is the hundreds digit of t?
1
Let n(h) = -h**2 - 11*h + 24. Let z be n(-12). Let p be (-45)/(-12)*1184/z. Suppose b = -4*b + p. What is the tens digit of b?
7
Let v(m) = m**2 - 2*m + 2. Let n be v(3). Suppose b + 3*k = 553, -30*k + 25*k - 2785 = -n*b. What is the tens digit of b?
5
Suppose -4156 = -19*k - 1173. Let d = k + -82. What is the tens digit of d?
7
Suppose 550*k - q - 138486 = 547*k, 0 = 4*k - 4*q - 184648. What is the tens digit of k?
6
Suppose 5*w = -3164 - 1651. Let i = -567 - w. What is the hundreds digit of i?
3
Let t(f) = 14*f**2 + 4*f - 3. Let q(h) = 2*h + 4. Let m be q(8). Suppose m = 7*c - 2*c. What is the units digit of t(c)?
7
Let f(k) = k**2 + 11*k + 27. Let t be f(-3). What is the hundreds digit of 10/t*768/10?
2
What is the tens digit of 5/5 - (-6 + 5 - 8211)?
1
Suppose 5*o - 77534 = -46*i + 43*i, o = -4*i + 15483. What is the units digit of o?
1
Let k(x) = -x**3 + 33*x**2 - 46*x - 1. What is the units digit of k(17)?
1
Suppose 67*f = -9*f + 3816948. What is the ten thousands digit of f?
5
Let b be ((-20)/(-15))/(4/6). Suppose -69 - 40 = -2*h - 3*z, -104 = -b*h - 2*z. What is the tens digit of h?
4
Let s be ((-1)/(1/3))/(39/(-26)). Let q(n) = -4*n + 16*n - n**2 - s + 10*n - 5*n. What is the units digit of q(6)?
4
Suppose 12 = -4*u, -4*n + 3*u + 40 = 15. Suppose -1359 = -3*p - 5*c, -4*p = -0*p + n*c - 1820. What is the hundreds digit of p?
4
Let r = 43811 - -5822. What is the units digit of r?
3
Let q(d) = 87*d**2 + 23*d + 21. Let h(o) = -29*o**2 - 8*o - 7. Let u(b) = 8*h(b) + 3*q(b). What is the tens digit of u(-4)?
5
Let l(p) = -4*p + 14. Let c be l(3). Suppose 0 = 5*o + 5, c*d + 159 = 4*d + 3*o. What is the units digit of (-2140)/(-90) + (-3)/(d/(-6))?
4
Suppose -3*x = 21*y - 16*y - 3249, 2*x + 1957 = 3*y. Let o = 1175 - y. What is the tens digit of o?
2
Suppose 5*a + 1 = -4, -q - 2*a + 152 = 0. Let u be ((-2)/(-4))/(-1)*q. Let o = u - -215. What is the hundreds digit of o?
1
Suppose 5*d - 58*m = -54*m + 29961, -5*d = 5*m - 30015. What is the hundreds digit of d?
9
Let y be ((-158)/(-4)*-1)/(18/36). Let j = y + 82. What is the units digit of (2 - j)/((-2)/378)?
9
Let d(a) = 106*a + 20. Let k(b) = 106*b + 24. Let p(w) = -5*d(w) + 6*k(w). What is the hundreds digit of p(4)?
4
Suppose 8*j + 6 = 38. Suppose -5652 = j*k + 1756. What is the hundreds digit of ((-2)/(-7) - k/(-14))/(-1)?
1
Let n = -105511 - -181950. What is the ten thousands digit of n?
7
Let v = -79357 - -125477. Suppose -11542 = 34*m - v. What is the tens digit of m?
1
Let l = -63615 - -94846. What is the units digit of l?
1
Suppose 13*t - 15432 = -11*t. Let y = 35 + t. What is the units digit of y?
8
Suppose -3*s + 8257 = 2*m, 4*s - 11040 = -0*m + 5*m. What is the hundreds digit of s?
7
Suppose 4*f - 4*n = 57004, 23*f + 2*n = 24*f - 14255. What is the tens digit of f?
4
Let d(u) = -22*u - 155. Let s(r) = 21*r + 155. Let p(n) = -2*d(n) - 3*s(n). What is the hundreds digit of p(-20)?
2
Suppose -689*y = -732*y + 391773. What is the thousands digit of y?
9
What is the tens digit of -19 - -17 - -2135*15?
2
Let z = 9741 + -646. What is the units digit of z?
5
Suppose 54 = 13*l + 15. What is the hundreds digit of (1/(-3) + 0)/(l/(-2295))?
2
Let d(m) be the second derivative of -29*m**5/120 + 5*m**4/6 - 37*m**3/6 + 36*m. Let z(h) be the second derivative of d(h). What is the tens digit of z(-5)?
6
Suppose 0 = -15*b + 10*b + 140410. What is the units digit of b?
2
Let b(q) be the first derivative of 20*q**3/3 - 7*q**2/2 + 15*q - 34. What is the hundreds digit of b(3)?
1
Let c(q) = -q**2 - 12*q - 33. Let d be c(-7). Suppose 4*x - 367 = -5*b, x - d*b + 4 = 86. What is the tens digit of x?
8
Let q(k) = 3*k**3 + 2*k**2 + 7*k + 8*k - 15*k + 4*k. What is the hundreds digit of q(3)?
1
Let k(a) = a**3 + 8*a**2 + a + 10. Let q be k(-8). Suppose -14 - 101 = -n - q*c, -2*n - c + 224 = 0. What is the hundreds digit of n?
1
Let j = -3 + -12. Let z = 3295 + -3237. Let f = z + j. What is the tens digit of f?
4
Let d = -10 - -21. Let k(m) = 7*m + d + 21*m - 8*m - 12. What is the hundreds digit of k(6)?
1
Let n(p) = -p**3 - 7*p**2 - 8*p - 9. Let d be n(-6). Suppose -755 = -2*i - 4*a - 199, -3*i - d*a = -831. What is the hundreds digit of i?
2
Let h(d) = -10*d - 3. Let w be h(-1). Suppose -w*j = -1178 - 355. Suppose -2*x + 202 = -3*n - 7, 2*x - 5*n - j = 0. What is the units digit of x?
7
Suppose 0 = -4*l + 2*l, -4*v - l + 56 = 0. Suppose 4*m = 3*i + v, -2*i = -5*m + 3 + 4. Let a = i + 31. What is the units digit of a?
5
Suppose -32*j = -29*j - 759. Let h = 81 + j. What is the tens digit of h?
3
Suppose 827*z = 843*z - 122560. What is the tens digit of z?
6
Let m(b) = 278*b + 19. Suppose 0 = 3*s + 7*y - 8*y + 1, 3*y - 11 = s. What is the units digit of m(s)?
7
Suppose 3*z + 1 = -4*g + 47, z = 4*g - 38. Suppose 0 = g*b - 5*b + 10. What is the units digit of (-1)/((-2)/b + (-456)/450)?
5
Suppose 0 = k - 5*c - 19, -3*k + 0*c = -3*c - 117. Suppose 0 = -8*s + k*s - 9180. What is the hundreds digit of s?
2
Let n(s) = s**2 + 6*s. Let g(p) = 2*p - 5. Let y be g(4). Let r be n(y). Suppose r*a - 7 = 26*a. What is the units digit of a?
7
What is the tens digit of 15317/4*(-89)/((-356)/16)?
1
Suppose -f - 3 = 2*h, 3*h + 4 = -f - f. Let j be -3 + h/(8/4). What is the tens digit of -394*j/24 + 2/6?
6
Suppose -134 = -3*q - 143. Let u(m) = m**2 - 3*m - 17. Let k be u(q). What is the tens digit of 302 - (3/3 + 0 + k)?
0
Suppose 5*z - 32 = -7. Suppose 601 = 3*i - 2*v + 42, z*i + v - 910 = 0. What is the hundreds digit of i?
1
Suppose 73 + 249 = 2*h. Suppose -p + h = -211. Suppose f + p = 5*f. What is the tens digit of f?
9
Let s(p) = 29*p**2 + 5*p + 16. Let f = 470 - 476. What is the hundreds digit of s(f)?
0
What is the hundreds digit of (13/(1 + 12))/(3/26463)?
8
Let n = -2015 - -2939. Suppose -3*y = 3*v - n, 0*v - 5*v = -5*y + 1580. Let o = y - 48. What is the units digit of o?
4
Suppose 5*k + 3*s = -52 + 10, -2*k - 4*s = 28. Let q(o) = 0*o**2 + o - 7 - 4*o + o**2. What is the units digit of q(k)?
7
Let i = 3290 + -2256. Suppose 0 = -5*v + 4*u + 2405, -4*v + 2999 - i = 5*u. What is the tens digit of v?
8
Let g = 128 - 52. Let t = 74 - g. What is the units digit of (3 + -9)*(-4 - t - -1)?
6
What is the thousands digit of (4156/8)/((-39)/(-702))?
9
Let y = -29406 - -43385. What is the tens digit of y?
7
What is the hundreds digit of 14/7 